068290
3773024 (base 12) to base 4
221120331130
Convert -234222312 (base 5) to base 11.
-681994
What is 5506101 (base 7) in base 3?
1021021002100
What is -7bc14 (base 15) in base 12?
-170177
190933 (base 11) to base 12
122135
What is -177ee21 (base 15) in base 5?
-13340023211
Convert 49925 (base 13) to base 6.
2523345
-26a44b (base 12) to base 3
-1012111220112
-11742 (base 8) to base 6
-35322
Convert 101011100101011011 (base 2) to base 12.
8738b
What is 1111120001202 (base 3) in base 4?
3002321132
Convert 81041 (base 9) to base 2.
1101000000000110
What is 120122220103 (base 4) in base 5?
3114304111
What is 10101011001111001110001 (base 2) in base 14?
a60c25
Convert 9206f (base 16) to base 5.
123120002
What is -722410 (base 11) in base 6?
-40505232
Convert -7ad2 (base 16) to base 4.
-13223102
What is -4042030 (base 5) in base 4?
-33323301
5402604 (base 7) to base 4
2200101021
-f65af6 (base 16) to base 15
-163db2c
Convert 22001111012 (base 3) to base 8.
465525
What is -5026032 (base 7) in base 9?
-1106323
d949 (base 16) to base 12
28235
Convert -1292468 (base 11) to base 10.
-2228652
What is 45048 (base 9) in base 13?
10817
What is -10000010222 (base 3) in base 13?
-20c06
Convert 6613773 (base 8) to base 11.
1003052
Convert 200424324 (base 5) to base 12.
3244b1
Convert 13a2988 (base 11) to base 16.
24b26b
What is -7463240 (base 8) in base 12?
-800b94
-18b2704 (base 12) to base 4
-103313301310
Convert 196447 (base 15) to base 9.
2283684
Convert 300471 (base 10) to base 6.
10235023
Convert -386561 (base 10) to base 4.
-1132120001
Convert 84b50 (base 16) to base 13.
16054c
-91816 (base 11) to base 6
-2512433
What is 507b1 (base 12) in base 14?
2a2b3
What is 12020200000212 (base 3) in base 16?
2a8c60
-308a370 (base 11) to base 9
-11218813
Convert -110100111111111011001 (base 2) to base 7.
-20522110
-1501013 (base 7) to base 2
-110001010100110101
What is -3206573 (base 8) in base 15?
-11d6ce
What is 111110010000110001 (base 2) in base 9?
427741
Convert -30165 (base 12) to base 2.
-1111001111011101
What is 4017153 (base 8) in base 13?
2aca89
-5416256 (base 7) to base 2
-10100001001001100111
What is -11132223032 (base 4) in base 6?
-50441502
12a9a0 (base 14) to base 5
131102000
Convert 10803 (base 16) to base 13.
249c0
Convert 1690501 (base 10) to base 9.
3155834
-13544501 (base 6) to base 7
-3644503
34212313 (base 5) to base 2
1001010001111010011
What is -2050841 (base 10) in base 14?
-3b5569
Convert 4083 (base 9) to base 14.
1139
805771 (base 9) to base 2
1110100010111111100
Convert -100011111001100010 (base 2) to base 4.
-203321202
Convert -33303103201 (base 4) to base 3.
-21210110011201
What is 817c9 (base 13) in base 15?
48b3d
-17dda5d (base 14) to base 3
-211021002200000
Convert 13121202 (base 4) to base 6.
352150
44b007 (base 15) to base 7
36566215
612022 (base 7) to base 4
121120021
1055442 (base 6) to base 10
54386
Convert -2133024 (base 6) to base 5.
-11340030
2660638 (base 9) to base 12
5a325b
Convert 1102111020101 (base 3) to base 13.
206ab2
Convert 48404 (base 12) to base 7.
553546
Convert 5988631 (base 10) to base 15.
7d4621
What is -311013033011 (base 4) in base 9?
-28171118
What is -416eed (base 16) in base 10?
-4288237
c3a79 (base 13) to base 9
584565
What is 37122 (base 9) in base 14?
90d9
Convert 71314175 (base 8) to base 5.
12322444111
320043303 (base 5) to base 10
1331078
Convert 31996 (base 12) to base 15.
14566
Convert 100106 (base 7) to base 9.
25115
What is 425014 (base 9) in base 5?
31043401
What is 225656 (base 14) in base 15?
180da2
Convert 4263607 (base 8) to base 10.
1140615
Convert -35507a (base 12) to base 10.
-858910
Convert -3847c (base 14) to base 10.
-138094
-1f09e (base 16) to base 6
-2420330
Convert 285597 (base 14) to base 6.
45543201
Convert -1ba9b1 (base 13) to base 6.
-23110511
What is 13430130 (base 5) in base 9?
232215
Convert 63950 (base 10) to base 15.
13e35
446342 (base 7) to base 5
10012232
Convert -31222360 (base 8) to base 4.
-121102103300
46513 (base 7) to base 13
5569
Convert -203442112 (base 5) to base 7.
-10111625
3345166 (base 8) to base 11
568045
-242880 (base 10) to base 4
-323103000
Convert 302d3d (base 15) to base 16.
22e8f2
What is -5b3a (base 14) in base 7?
-64303
What is -21103211321 (base 4) in base 9?
-4527375
24514340 (base 6) to base 13
21769b
What is 2c6cf (base 16) in base 4?
230123033
Convert 1441b5 (base 15) to base 11.
607124
-112381a (base 11) to base 7
-22501222
Convert -41423134 (base 7) to base 15.
-48c8a4
What is -2021805 (base 9) in base 7?
-12105032
Convert 550809 (base 10) to base 2.
10000110011110011001
Convert c2c93 (base 13) to base 3.
122202010002
117363 (base 9) to base 12
35119
Convert -134447 (base 12) to base 14.
-8415d
3352243 (base 6) to base 14
460cb
Convert 110111221000112 (base 3) to base 10.
6651410
Convert -241500 (base 8) to base 7.
-463155
-543472 (base 10) to base 4
-2010223300
Convert -327ba6 (base 14) to base 5.
-414234224
62413526 (base 7) to base 2
10100000001000111110111
Convert -64838 (base 9) to base 5.
-2333330
Convert -80bd04 (base 14) to base 7.
-51564304
What is 98737 (base 10) in base 13?
35c32
Convert 405234125 (base 6) to base 14.
cd6bd3
What is -123013114 (base 5) in base 13?
-17a958
Convert -441220400 (base 5) to base 4.
-13033123301
What is 72467a1 (base 11) in base 16?
c32b09
Convert -7407552 (base 8) to base 3.
-10201002100221
-360432 (base 8) to base 3
-20020221120
42200303 (base 5) to base 15
6dad8
Convert -227865 (base 10) to base 3.
-102120120110
What is -45d57 (base 16) in base 8?
-1056527
What is 150356 (base 11) in base 9?
386825
What is -2b8b24a (base 12) in base 15?
-baa577
Convert 32582 (base 10) to base 2.
111111101000110
Convert 207250 (base 12) to base 10.
510108
-229217a (base 11) to base 6
-221421515
What is -7b9640 (base 13) in base 12?
-b95b51
Convert 1225 (base 8) to base 9.
814
Convert -44a3 (base 14) to base 13.
-5558
What is -37446 (base 12) in base 8?
-222266
What is 2434444 (base 12) in base 7?
113546110
Convert -30245025 (base 6) to base 13.
-242261
Convert -20323212 (base 4) to base 9.
-55156
Convert 2004311 (base 7) to base 6.
5024225
-1110010001110100100 (base 2) to base 10
-467876
What is -100101001110110111001 (base 2) in base 12?
-4aa049
Convert -11774635 (base 8) to base 10.
-2619805
-10052350 (base 9) to base 7
-55643151
What is -11ca5 (base 13) in base 8?
-100231
-7505 (base 13) to base 15
-4c1e
Convert 2c394 (base 13) to base 8.
244222
What is -40276 (base 8) in base 2?
-100000010111110
Convert 1011000100100110000110 (base 2) to base 15.
3c4e8b
Convert -5124693 (base 10) to base 8.
-23431125
What is -634b5 (base 12) in base 14?
-356c1
What is -254624 (base 7) in base 9?
-71788
Convert -49878 (base 11) to base 12.
-35524
Convert 2bb141 (base 12) to base 3.
1101211220011
What is 4040544 (base 6) in base 13?
69526
Convert -11132300333 (base 4) to base 15.
-1d5a75
Convert -213252332 (base 6) to base 5.
-1433123403
-477136 (base 8) to base 3
-22022011200
What is -244532 (base 6) in base 14?
-7d32
-11144514 (base 6) to base 14
-8c1b0
What is 20011201121 (base 3) in base 8?
355307
What is 457541 (base 8) in base 9?
256255
What is -5cc45 (base 16) in base 6?
-12051045
-20043362 (base 7) to base 10
-1657910
What is 25905 (base 13) in base 14?
1b53b
Convert 863575 (base 10) to base 12.
357907
What is -752522 (base 8) in base 4?
-331111102
Convert 4466365 (base 8) to base 14.
2360cd
What is -100100110110010001 (base 2) in base 8?
-446621
-7881959 (base 10) to base 13
-182c7a7
Convert -41990ba (base 12) to base 8.
-57221116
Convert 3284747 (base 9) to base 15.
24deaa
What is -bab46 (base 12) in base 9?
-415750
Convert -81d4 (base 15) to base 6.
-330544
Convert -1759d6a (base 15) to base 6.
-1404114131
Convert 443650 (base 7) to base 3.
10222020221
-2434331120 (base 5) to base 10
-5777035
What is c7abc7 (base 15) in base 13?
1c79761
Convert -12635364 (base 7) to base 2.
-100011101010110011010
Convert 24560556 (base 8) to base 2.
10100101110000101101110
What is -26bb9 (base 13) in base 8?
-215173
Convert e7b0 (base 15) to base 16.
bf5e
Convert 102014412 (base 5) to base 9.
714348
143843 (base 10) to base 9
238275
What is 2114756 (base 8) in base 7?
4535265
Convert 73702 (base 10) to base 9.
122081
-2050553 (base 8